)?
9
Suppose 0 = -4*o + 21 - 5. Suppose o*x - t - 51 = 0, 2*x + 33 = 4*x + t. What is the units digit of 642/42 - 4/x?
5
Suppose 11270 = 5*g + 4*j, -8*j = -2*g - 5*j + 4531. What is the hundreds digit of g?
2
Suppose 48*p + 1861 = 20293. What is the units digit of p?
4
Suppose 0 = -2*k + 4 - 0. Suppose -k*n = -6*n + 208. Let y = n - 24. What is the tens digit of y?
2
Let b be (-4 - -2) + (-251)/(-1). Let c = b - 148. What is the hundreds digit of c?
1
Suppose 10*h + 5 = -2*z + 5*h, -20 = -z + 2*h. Let j be ((-24)/z)/(8/(-20)). What is the units digit of j/39 + (-531)/(-13)?
1
Suppose 5*w + 3*z = -151, 5*z + 71 = -5*w - 74. Let h be (w/48)/(4/54). Let q = -6 - h. What is the units digit of q?
3
Let r be 3 - -6 - (-3 + 7). Suppose -12 = -4*d + r*i, 7 = -4*i - 9. Let s(q) = -23*q. What is the tens digit of s(d)?
4
Let a(z) = 2*z**2 + 2*z - 7. Let h be a(-4). Let s be 1/2*h*-6. What is the units digit of s/(-4) + 3/(-4)?
2
Let p = 600 - 394. What is the hundreds digit of p?
2
Suppose 2*f - 2*c + 122 = 438, -3*c = -5*f + 786. What is the units digit of f?
6
Suppose 0 = -2*c + 5 - 1. Let l be -1*3/(c + -5). Let z = l - -16. What is the tens digit of z?
1
Let q(g) = -g**3 - 7*g**2 + 6*g - 11. Suppose 0 = -2*z - 6 - 8. Let b(a) = a**2 + 7*a - 8. Let t be b(z). What is the units digit of q(t)?
5
Let j = -152 - -85. Let n = j - -111. What is the units digit of n?
4
Let a(m) be the third derivative of -m**4/8 + m**3/3 - 5*m**2. Let f be a(-7). Suppose 5*c = f + 77. What is the tens digit of c?
2
Suppose 3 + 12 = -3*l. Let j = 5 + l. Suppose 2*t - 8 = 0, j = -0*k + 2*k + 5*t - 52. What is the units digit of k?
6
Suppose 138 = 2*f + 38. Suppose 6 = -4*k + f. Suppose -x = -b + k - 43, -61 = -2*x + b. What is the tens digit of x?
2
Suppose 3*r - 25 = -2*u, u - r + 2*r - 10 = 0. Suppose -5*q + 45 = -u*g, 3*g + 16 + 9 = 5*q. Let v = g - -15. What is the units digit of v?
5
Let z = 79 + 1. What is the tens digit of 3/2*z/6?
2
Let j = -8 - -376. What is the units digit of j?
8
Let m be (-4)/(-1) - (8 + -16 + 8). Let x be (-1 + 107)/(2/4). Suppose r + 0*r + 5*k - 61 = 0, -x = -m*r - 4*k. What is the tens digit of r?
5
Let s(w) = w**2 + 14*w - 35. What is the tens digit of s(-24)?
0
Let c(f) = 586*f**2 - 11*f + 11. What is the units digit of c(1)?
6
Let l(u) = u**3 - 6*u**2 + 4*u - 6. Let s be l(6). Let p = s - 14. Let y = 13 - p. What is the units digit of y?
9
Let a be -1 - 705/5 - 2. What is the units digit of (a/20)/(2/(-10))?
6
Suppose -4*p = 2*z - 1880, 2261 + 1484 = 4*z + 5*p. What is the units digit of z?
0
Suppose -5*t = 1 - 11. Let f be (1 + -4)/(t - 3). Suppose f*x = -4*a + 41, -x + 4*a = a + 8. What is the units digit of x?
7
Suppose 0 = -17*w + 159 + 283. Let j(r) = -r**3 + 26*r**2 + 3*r + 1. What is the tens digit of j(w)?
7
Let k = -55 + 31. What is the tens digit of (k/15)/(10/(-425))?
6
Suppose -65*w + 50808 = -53*w. What is the thousands digit of w?
4
Let h = -23 + 21. Let l be (-5 - 18)/(h/10). Suppose -3*d + l - 16 = 0. What is the tens digit of d?
3
Suppose -2*m + 5*t + 4740 = 0, 13*m - 11*m + 5*t = 4740. What is the hundreds digit of m?
3
Let g be (86/5)/(2/(-10)). Let x = 11 + g. Let o = -37 - x. What is the units digit of o?
8
Let v = -203 - -3638. What is the thousands digit of v?
3
Let l(n) = -4*n**3 - n**2 - n + 1. Let q be l(-1). Suppose 0 = -q*o + 3*m + 714 + 19, -5*m + 433 = 3*o. What is the hundreds digit of o?
1
Let t(h) = -14*h**3 + 8*h**2 - 9*h - 76. What is the thousands digit of t(-5)?
1
Let k(q) = -71*q - 1. Suppose 5*z = -5*a - 7 + 22, 18 = -2*z + 4*a. Let o be k(z). What is the tens digit of (13 + -11)/(4/o)?
3
Suppose 0 = 2*d + 5*l + 191, 132 = -5*d + 5*l - 258. Let n = d - -148. What is the units digit of n?
5
Suppose 206*f - 11944 = 202*f. What is the thousands digit of f?
2
Let b(o) = o**3 + o**2 + 2*o + 151. Suppose -6*r + 12*r = 0. What is the units digit of b(r)?
1
Let s be (1 - 4) + (10 - 9). What is the units digit of ((-5)/5)/(s/70)?
5
Suppose 0 = -65*i + 3323 + 36262. What is the hundreds digit of i?
6
Suppose 3*g - 3*i + 6 = -6*i, 2*i = -3*g - 6. Let l(s) = -40*s - 4. What is the tens digit of l(g)?
7
Let g = 1 + 1. Suppose -8 = -g*x + 2, 4*h = -x + 13. Suppose 3*u - 59 = -h*i, 0 = -i + 4*u + 3 - 1. What is the tens digit of i?
2
Suppose -4*p + 0*s - 2*s + 426 = 0, -4*p + 414 = -2*s. Suppose 3*m - p = 141. Let d = -42 + m. What is the tens digit of d?
4
What is the units digit of (121/22)/(1/332)?
6
Let i(g) = -2*g**2 + 16*g - 6. Let x be 2/3*252/24. Let z be i(x). Suppose z*t + 79 - 503 = 0. What is the units digit of t?
3
Let b = 3 - 5. What is the units digit of 328/24*(1 - b)?
1
Suppose -1274 + 3334 = 5*a. What is the tens digit of a?
1
Let z(m) = 5*m + 23. Let x be z(-7). Let c be (4/x - 0)*-87. Let b = c - 27. What is the units digit of b?
2
Let c(d) = -2*d**3 - 82*d**2 - 81*d + 75. What is the tens digit of c(-40)?
1
Let y = 1 - 8. Let l = -9 + y. What is the units digit of l/(-8 - -4) - -30?
4
Suppose -3*x - 4*c + 1 = -2*x, 35 = 3*x - 4*c. Suppose 0 = x*d + 8 - 71. What is the units digit of d?
7
Suppose -t = -6 + 1. What is the units digit of 2 - ((-335)/t + 0)?
9
What is the tens digit of -11 + 3 + (697 - 6)?
8
Suppose -3*z = -831 - 969. What is the units digit of z?
0
Suppose -2*f + 84 = 2*a, -2*f - 64 = -2*a + f. Suppose -2*z + 110 - 34 = -y, z = 4*y + a. What is the units digit of z?
8
Let a(x) = -21 + 5*x - 8*x + 6*x. Let m be a(11). Suppose 3*j - c = 179, -2*c + 2 = m. What is the units digit of j?
8
Let a be (-220)/(-6) - 4/6. Suppose -r - 2*c + a = 0, 5*r = -c - 2*c + 166. What is the units digit of r?
2
Let n be (-4)/3 - 6137/(-51). Suppose -n = -2*d + 239. What is the tens digit of d?
7
Suppose -2*c = 3*y - 7721, 4*c - 15589 + 2724 = -5*y. What is the hundreds digit of y?
5
Let g = 10 + -1. Suppose -g = 2*c - 5. What is the tens digit of ((-43)/(-1))/(3 + c)?
4
Let j(y) = 2*y**3 + y**2 - 1. Let o be j(1). Suppose -6*l + 5*p + 15 = -8*l, 6 = -2*p. Suppose l*a + o*a + 204 = 3*k, -2*a = 0. What is the tens digit of k?
6
Let f = -14 - -331. Suppose 2*p = b - 0*b - 59, -f = -5*b - p. What is the tens digit of b?
6
What is the hundreds digit of 1134/6 + (-1 - 2)?
1
Let v(w) = -w**2 + 0*w + 3*w + 0*w + 7. Let f be v(5). What is the tens digit of (f - 1)*(-132)/16?
3
What is the thousands digit of 2/12 - 172822/(-156)?
1
Let r = 8 - -4. Suppose -5*t + x + 5 = 0, 5*t + x - 3*x = 0. Suppose -t = 2*q, q + r = s + 6*q. What is the tens digit of s?
1
Suppose -7093 = -15*o + 407. What is the hundreds digit of o?
5
Suppose -4*u = 5*c + 139, 2*c + 2*c = -2*u - 74. Let d = 7 + u. Let z = d + 44. What is the tens digit of z?
2
Suppose -4*y - 221 = -5*y. Suppose -2*l + 5*v + y = 0, -l - v - 10 = -117. What is the tens digit of l?
0
Suppose 5*i + 4*g = -1129 + 4520, 0 = 5*g + 5. What is the units digit of i?
9
Let v be 10 - (-7 - (-2 + -1)). Suppose -v*x = -13*x - 64. What is the units digit of x?
4
Suppose 2*a = -5*v + 5, -3*a + 10 = -5*a. Suppose 3*j + p + 62 = 4*j, v*j + 2*p - 186 = 0. Suppose -2*n - j = -4*n. What is the tens digit of n?
3
Suppose 2*u = -2*k - 22, -2*k + 8*u - 16 = 4*u. Let m = 20 + k. Let s = m + -8. What is the units digit of s?
2
Let n(u) = -3*u**3 - 39*u**2 - 17*u - 3. What is the hundreds digit of n(-15)?
6
What is the hundreds digit of (-44)/(-16)*(-1 + 197)?
5
Let b = 1743 - 946. What is the units digit of b?
7
Suppose 2*y - 2*u + 788 = 3*y, 2*u = 3*y - 2380. What is the units digit of y?
2
Let m(w) = w**3 + 5*w**2 - 8*w - 9. Let q be m(-6). Suppose -4*r = -q*r - 12. What is the units digit of 213/r - (-2)/8?
8
Let t(f) = 31*f**3 - 7*f**2 - 17*f - 62*f**3 + 30*f**3 - 8 + 18*f**2. What is the tens digit of t(8)?
4
Let l(m) = -2*m + 30. Let q be l(14). Let p be (4/(-6))/q*0. Suppose -2*j + 6*j - 236 = p. What is the units digit of j?
9
Let h be ((-3608)/16)/((-3)/6). Let b = h - 160. What is the units digit of b?
1
Let i = -5275 + 8930. What is the hundreds digit of i?
6
Let s(w) = -w**3 - w**2 + 2*w. Let m be s(0). Suppose m*b = x + 4*b - 137, 3*x = 2*b + 383. What is the hundreds digit of x?
1
Suppose 3*s = -s + 288. Let k be ((-3)/6)/((-3)/s). Let o = k + -8. What is the units digit of o?
4
Let w be (-2)/(-3) - 10/15. Suppose w*t = -t + 23. What is the tens digit of t?
2
Let w(c) =